{"id":1857,"date":"2019-05-07T04:41:10","date_gmt":"2019-05-07T04:41:10","guid":{"rendered":"https:\/\/multimediamenard.org\/?page_id=1857"},"modified":"2019-05-07T04:42:01","modified_gmt":"2019-05-07T04:42:01","slug":"inicio","status":"publish","type":"page","link":"https:\/\/multimediamenard.org\/fr\/inicio\/","title":{"rendered":"Accueil"},"content":{"rendered":"<p><\/p>\n<p style=\"text-align: center;\"><span style=\"font-family: georgia, palatino, serif; font-size: 36pt; color: #000000;\"><strong>Journ\u00e9e Mondiale de Pri\u00e8re pour les Vocations<\/strong><\/span><\/p>\n<p><img fetchpriority=\"high\" decoding=\"async\" class=\"aligncenter wp-image-1733 size-full\" src=\"https:\/\/multimediamenard.org\/wp-content\/uploads\/2019\/05\/home01.png\" alt=\"\" width=\"830\" height=\"441\" srcset=\"https:\/\/multimediamenard.org\/wp-content\/uploads\/2019\/05\/home01.png 830w, https:\/\/multimediamenard.org\/wp-content\/uploads\/2019\/05\/home01-300x159.png 300w, https:\/\/multimediamenard.org\/wp-content\/uploads\/2019\/05\/home01-768x408.png 768w\" sizes=\"(max-width: 830px) 100vw, 830px\" \/><\/p>\n<p style=\"text-align: center;\"><span style=\"font-size: 24pt; color: #000000;\"><strong>Nous Sommes les Missionnaires des Vocations<\/strong><\/span><\/p>\n<p><span style=\"font-size: 24pt; color: #000000;\"><strong><u>Prions Pour les Vocations<\/u><\/strong><\/span><\/p>\n<p><span style=\"font-size: 24pt; color: #000000;\">\u00ab\u00a0La moisson est abondante, mais les ouvriers peu nombreux ; priez donc le Ma\u00eetre de la moisson d\u2019envoyer des ouvriers \u00e0 sa moisson\u00a0\u00bb.<\/span><\/p>\n<p style=\"text-align: right;\"><span style=\"color: #000000;\">(Mt 9, 37-38)<\/span><\/p>\n<table style=\"height: 96px;\" width=\"805\">\n<tbody>\n<tr>\n<td style=\"width: 194px;\"><img decoding=\"async\" class=\"alignnone size-full wp-image-1717\" src=\"https:\/\/multimediamenard.org\/wp-content\/uploads\/2019\/05\/home02.png\" alt=\"\" width=\"237\" height=\"175\" \/><\/td>\n<td style=\"width: 194px;\"><img decoding=\"async\" class=\"alignnone size-full wp-image-1718\" src=\"https:\/\/multimediamenard.org\/wp-content\/uploads\/2019\/05\/home03.png\" alt=\"\" width=\"237\" height=\"175\" \/><\/td>\n<td style=\"width: 194px;\"><img loading=\"lazy\" decoding=\"async\" class=\"alignnone wp-image-1719\" src=\"https:\/\/multimediamenard.org\/wp-content\/uploads\/2019\/05\/home04.png\" alt=\"\" width=\"203\" height=\"138\" \/><\/td>\n<td style=\"width: 195px;\"><img loading=\"lazy\" decoding=\"async\" class=\"alignnone size-full wp-image-1720\" src=\"https:\/\/multimediamenard.org\/wp-content\/uploads\/2019\/05\/home05.png\" alt=\"\" width=\"258\" height=\"176\" \/><\/td>\n<\/tr>\n<\/tbody>\n<\/table>\n<p><span style=\"color: #000000;\">\u00a1Ils sont devenus des hommes de Dieu : pr\u00eatres, \u00e9v\u00eaques et consacr\u00e9s pour vous et gr\u00e2ce \u00e0 vous !<\/span><\/p>\n<p><span style=\"color: #000000;\">Soutenons la formation de nos futurs pr\u00eatres et consacr\u00e9s &#8211; contact : Maison g\u00e9n\u00e9rale.<\/span><\/p>\n<p><span style=\"color: #000000;\">8594 rue Berri, Montr\u00e9al, Qc, Canada, H2P 2G4 Tel.\u00a0: (+1) 514-387-2222<\/span><\/p>\n<p><a href=\"mailto:formation.generale@msagen.org\">formation.generale@msagen.org<\/a><\/p>","protected":false},"excerpt":{"rendered":"<p>Journ\u00e9e Mondiale de Pri\u00e8re pour les Vocations Nous Sommes les Missionnaires des Vocations Prions Pour les Vocations \u00ab\u00a0La moisson est abondante, mais les ouvriers peu nombreux ; priez donc le Ma\u00eetre de la moisson d\u2019envoyer des ouvriers \u00e0 sa moisson\u00a0\u00bb. (Mt 9, 37-38) \u00a1Ils sont devenus des hommes de Dieu : pr\u00eatres, \u00e9v\u00eaques et consacr\u00e9s [&hellip;]<\/p>\n","protected":false},"author":1,"featured_media":0,"parent":0,"menu_order":0,"comment_status":"closed","ping_status":"closed","template":"","meta":{"footnotes":""},"guten_post_layout_featured_media_urls":{"full":false,"thumbnail":false,"medium":false,"medium_large":false,"large":false,"1536x1536":false,"2048x2048":false,"guten_post_layout_landscape_large":false,"guten_post_layout_portrait_large":false,"guten_post_layout_square_large":false,"guten_post_layout_landscape":false,"guten_post_layout_portrait":false,"guten_post_layout_square":false,"post-thumbnail":false,"vantage-thumbnail-no-sidebar":false,"vantage-slide":false,"vantage-carousel":false,"vantage-grid-loop":false,"sow-carousel-default":false,"sow-post-carousel-overlay-theme":false},"rttpg_featured_image_url":null,"rttpg_author":{"display_name":"admin","author_link":"https:\/\/multimediamenard.org\/fr\/author\/admin\/"},"rttpg_comment":0,"rttpg_category":null,"rttpg_excerpt":"Journ\u00e9e Mondiale de Pri\u00e8re pour les Vocations Nous Sommes les Missionnaires des Vocations Prions Pour les Vocations \u00ab\u00a0La moisson est abondante, mais les ouvriers peu nombreux ; priez donc le Ma\u00eetre de la moisson d\u2019envoyer des ouvriers \u00e0 sa moisson\u00a0\u00bb. (Mt 9, 37-38) \u00a1Ils sont devenus des hommes de Dieu : pr\u00eatres, \u00e9v\u00eaques et consacr\u00e9s\u2026","_links":{"self":[{"href":"https:\/\/multimediamenard.org\/fr\/wp-json\/wp\/v2\/pages\/1857"}],"collection":[{"href":"https:\/\/multimediamenard.org\/fr\/wp-json\/wp\/v2\/pages"}],"about":[{"href":"https:\/\/multimediamenard.org\/fr\/wp-json\/wp\/v2\/types\/page"}],"author":[{"embeddable":true,"href":"https:\/\/multimediamenard.org\/fr\/wp-json\/wp\/v2\/users\/1"}],"replies":[{"embeddable":true,"href":"https:\/\/multimediamenard.org\/fr\/wp-json\/wp\/v2\/comments?post=1857"}],"version-history":[{"count":2,"href":"https:\/\/multimediamenard.org\/fr\/wp-json\/wp\/v2\/pages\/1857\/revisions"}],"predecessor-version":[{"id":1859,"href":"https:\/\/multimediamenard.org\/fr\/wp-json\/wp\/v2\/pages\/1857\/revisions\/1859"}],"wp:attachment":[{"href":"https:\/\/multimediamenard.org\/fr\/wp-json\/wp\/v2\/media?parent=1857"}],"curies":[{"name":"wp","href":"https:\/\/api.w.org\/{rel}","templated":true}]}}

<p></p>
<p style="text-align: center;"><span style="font-family: georgia, palatino, serif; font-size: 36pt; color: #000000;"><strong>Journée Mondiale de Prière pour les Vocations</strong></span></p>
<p><img fetchpriority="high" decoding="async" class="aligncenter wp-image-1733 size-full" src="https://multimediamenard.org/wp-content/uploads/2019/05/home01.png" alt="" width="830" height="441" srcset="https://multimediamenard.org/wp-content/uploads/2019/05/home01.png 830w, https://multimediamenard.org/wp-content/uploads/2019/05/home01-300x159.png 300w, https://multimediamenard.org/wp-content/uploads/2019/05/home01-768x408.png 768w" sizes="(max-width: 830px) 100vw, 830px" /></p>
<p style="text-align: center;"><span style="font-size: 24pt; color: #000000;"><strong>Nous Sommes les Missionnaires des Vocations</strong></span></p>
<p><span style="font-size: 24pt; color: #000000;"><strong><u>Prions Pour les Vocations</u></strong></span></p>
<p><span style="font-size: 24pt; color: #000000;">« La moisson est abondante, mais les ouvriers peu nombreux ; priez donc le Maître de la moisson d’envoyer des ouvriers à sa moisson ».</span></p>
<p style="text-align: right;"><span style="color: #000000;">(Mt 9, 37-38)</span></p>
<table style="height: 96px;" width="805">
<tbody>
<tr>
<td style="width: 194px;"><img decoding="async" class="alignnone size-full wp-image-1717" src="https://multimediamenard.org/wp-content/uploads/2019/05/home02.png" alt="" width="237" height="175" /></td>
<td style="width: 194px;"><img decoding="async" class="alignnone size-full wp-image-1718" src="https://multimediamenard.org/wp-content/uploads/2019/05/home03.png" alt="" width="237" height="175" /></td>
<td style="width: 194px;"><img loading="lazy" decoding="async" class="alignnone wp-image-1719" src="https://multimediamenard.org/wp-content/uploads/2019/05/home04.png" alt="" width="203" height="138" /></td>
<td style="width: 195px;"><img loading="lazy" decoding="async" class="alignnone size-full wp-image-1720" src="https://multimediamenard.org/wp-content/uploads/2019/05/home05.png" alt="" width="258" height="176" /></td>
</tr>
</tbody>
</table>
<p><span style="color: #000000;">¡Ils sont devenus des hommes de Dieu : prêtres, évêques et consacrés pour vous et grâce à vous !</span></p>
<p><span style="color: #000000;">Soutenons la formation de nos futurs prêtres et consacrés &#8211; contact : Maison générale.</span></p>
<p><span style="color: #000000;">8594 rue Berri, Montréal, Qc, Canada, H2P 2G4 Tel. : (+1) 514-387-2222</span></p>
<p><a href="mailto:formation.generale@msagen.org">formation.generale@msagen.org</a></p>

<p>Journée Mondiale de Prière pour les Vocations Nous Sommes les Missionnaires des Vocations Prions Pour les Vocations « La moisson est abondante, mais les ouvriers peu nombreux ; priez donc le Maître de la moisson d’envoyer des ouvriers à sa moisson ». (Mt 9, 37-38) ¡Ils sont devenus des hommes de Dieu : prêtres, évêques et consacrés [&hellip;]</p>

Journée Mondiale de Prière pour les Vocations Nous Sommes les Missionnaires des Vocations Prions Pour les Vocations « La moisson est abondante, mais les ouvriers peu nombreux ; priez donc le Maître de la moisson d’envoyer des ouvriers à sa moisson ». (Mt 9, 37-38) ¡Ils sont devenus des hommes de Dieu : prêtres, évêques et consacrés…
